False
Is 237634093 a prime number?
False
Is 4850507369 prime?
False
Is 22853178317 composite?
False
Is 18284136749 a composite number?
False
Is 14819609229 prime?
False
Is 1303519345 prime?
False
Is 6891629923 prime?
False
Is 55684199 prime?
True
Is 587564051 prime?
True
Is 356693543 composite?
True
Is 90456614461 a prime number?
False
Is 47241401 a prime number?
True
Is 13611875863 prime?
True
Is 1259762729 a prime number?
True
Is 1671183643 a composite number?
True
Is 3934964017 prime?
True
Is 32381169151 composite?
True
Is 111996293 a composite number?
False
Is 7384746049 composite?
True
Is 178619797 a composite number?
False
Is 22911798361 a composite number?
False
Is 568638869 prime?
True
Is 1547457515 prime?
False
Is 751000339 composite?
False
Is 22561823951 prime?
True
Is 22391749 composite?
False
Is 85024221407 composite?
False
Is 18981519467 a prime number?
True
Is 87999446753 a composite number?
False
Is 65667590641 composite?
False
Is 46618621163 a prime number?
False
Is 2269568881 a composite number?
False
Is 606797173 prime?
False
Is 34174134411 a prime number?
False
Is 45247503979 a composite number?
True
Is 4201049509 a prime number?
True
Is 9996686603 prime?
False
Is 3332968831 a prime number?
True
Is 1354537707 a prime number?
False
Is 7855109369 a composite number?
True
Is 15869111 prime?
True
Is 27964376579 composite?
False
Is 62400547199 composite?
True
Is 1690489729 a prime number?
True
Is 38089740063 a composite number?
True
Is 1397008961 a prime number?
True
Is 457836959 a prime number?
False
Is 44617189 a composite number?
False
Is 11527156193 composite?
True
Is 692253241 prime?
False
Is 49875754189 a prime number?
True
Is 594045233 prime?
True
Is 18300494041 composite?
True
Is 5255358601 prime?
True
Is 120923371 a prime number?
False
Is 23816723863 a composite number?
False
Is 4334095 prime?
False
Is 205258589245 prime?
False
Is 8544593 composite?
False
Is 286343033 composite?
True
Is 11494281217 a composite number?
False
Is 673312243 prime?
False
Is 970283023 prime?
True
Is 15284928899 composite?
False
Is 90181499 prime?
False
Is 5376984679 composite?
True
Is 756384379 a prime number?
True
Is 17554422323 composite?
True
Is 21744617 a prime number?
True
Is 3655354817 composite?
False
Is 24989087 composite?
False
Is 791284119 composite?
True
Is 1044337037 composite?
False
Is 256512367 a prime number?
True
Is 28155242317 composite?
False
Is 37198459933 a prime number?
True
Is 183235050527 prime?
True
Is 37814299763 prime?
True
Is 7405934143 a composite number?
False
Is 246587329 a composite number?
True
Is 784376413 a prime number?
False
Is 5431792969 composite?
True
Is 28774293371 a prime number?
True
Is 14400804749 a composite number?
True
Is 3193724453 composite?
False
Is 13784671198 composite?
True
Is 3083484557 a composite number?
False
Is 3130688683 a prime number?
True
Is 1168871287 a prime number?
True
Is 77456836469 a prime number?
True
Is 779549291 a composite number?
True
Is 18958747169 a composite number?
False
Is 9782200931 composite?
True
Is 12324114421 prime?
True
Is 5247795659 composite?
True
Is 10557485511 a prime number?
False
Is 1575492967 a prime number?
False
Is 364955567 a prime number?
True
Is 2438110151 prime?
True
Is 54705209881 a prime number?
False
Is 191473921 composite?
True
Is 925207853 prime?
True
Is 14852830739 composite?
False
Is 550858631 prime?
False
Is 1577437279 a prime number?
False
Is 82288477 prime?
False
Is 93934781 a composite number?
True
Is 328864287 a composite number?
True
Is 786576541 prime?
False
Is 201586631 a composite number?
False
Is 34122710911 a prime number?
False
Is 167590238033 prime?
False
Is 169668821239 prime?
True
Is 10308553979 composite?
True
Is 603419977 a prime number?
True
Is 9038393909 prime?
True
Is 38341507 a composite number?
False
Is 41026775147 a composite number?
False
Is 10199760583 prime?
False
Is 101848847 prime?
True
Is 246754853 a composite number?
False
Is 21003529 composite?
True
Is 1395163843 a composite number?
False
Is 15576131471 a composite number?
False
Is 282826137833 a prime number?
False
Is 8871694427 composite?
True
Is 618595091 prime?
True
Is 18499378069 a prime number?
True
Is 23746443857 a prime number?
True
Is 112277507 prime?
True
Is 6017897659 composite?
False
Is 606529993 prime?
True
Is 4746262939 a composite number?
True
Is 9382281989 a prime number?
True
Is 6299277151 a composite number?
False
Is 328182109 prime?
True
Is 4814081761 prime?
True
Is 415921427 a prime number?
True
Is 2548226497 a composite number?
False
Is 2522379797 prime?
False
Is 4224511381 prime?
False
Is 170946959 composite?
False
Is 1704353331 composite?
True
Is 242597233 prime?
False
Is 18750071629 a composite number?
False
Is 5110490761 a composite number?
True
Is 897646163 a composite number?
False
Is 352496848981 a composite number?
False
Is 627142247 prime?
True
Is 751019329 a composite number?
True
Is 19482130259 composite?
True
Is 1058181037 a prime number?
True
Is 11250760369 a composite number?
True
Is 9767929543 prime?
False
Is 581278643 a prime number?
False
Is 29936530991 composite?
False
Is 39873945259 a composite number?
False
Is 64484315933 a composite number?
True
Is 619694831 a prime number?
False
Is 36891455851 a prime number?
True
Is 21232403571 prime?
False
Is 628010567 composite?
False
Is 1058023403 a composite number?
False
Is 6247110715 a composite number?
True
Is 1044412373 a composite number?
True
Is 4765061599 composite?
False
Is 1308987481 prime?
False
Is 5899132229 a prime number?
True
Is 4491911089 prime?
False
Is 1668969151 a composite number?
False
Is 8714602577 composite?
True
Is 8935483759 prime?
True
Is 5688303509 a composite number?
True
Is 15575106539 a composite number?
True
Is 25268796829 a composite number?
True
Is 423503849 composite?
True
Is 544307469 a composite number?
True
Is 5464143673 a prime number?
False
Is 40759417 composite?
False
Is 22919327191 prime?
True
Is 827067623 a prime number?
False
Is 55702406407 a composite number?
False
Is 3522003071 composite?
True
Is 45545861 a composite number?
True
Is 138915036181 composite?
False
Is 51000619051 a composite number?
True
Is 34932571 a prime number?
True
Is 13262004983 composite?
False
Is 128126786677 composite?
False
Is 31310121959 a composite number?
False
Is 11850774235 a composite number?
True
Is 2059038035 prime?
False
Is 3076113697 a composite number?
False
Is 209975449405 a composite number?
True
Is 16435989239 a prime number?
True
Is 14358184937 prime?
True
Is 36599149087 composite?
False
Is 2839007 prime?
True
Is 3342235727 a prime number?
True
Is 23211547501 a composite number?
True
Is 124192631 a composite number?
False
Is 4526024327 a composite number?
True
Is 7953597583 a prime number?
False
Is 1028953777 composite?
False
Is 13015870927 a composite number?
False
Is 34858327117 composite?
True
Is 14597778595 prime?
False
Is 1253973961 a composite number?
True
Is 1486439131 a prime number?
True
Is 57517279 composite?
False
Is 1210435561 a composite number?
False
Is 664243991 prime?
False
Is 114729731671 a composite number?
False
Is 131634494207 prime?
True
Is 400889031 prime?
False
Is 17219180647 a composite number?
True
Is 327443339 composite?
True
Is 561324233 a prime number?
False
Is 1938514309 a prime number?
False
Is 59496239593 a prime number?
False
Is 24913446697 composite?
True
Is 877905383 a composite number?
False
Is 654628889 a prime number?
False
Is 1771782335 a prime number?
False
Is 20314190401 a composite number?
True
Is 1640900179 a composite number?
False
Is 863256959 prime?
True
Is 258658067 a prime number?
True
Is 56416743221 a composite number?
False
Is 846294521 prime?
False
Is 6240284587 composite?
False
Is 316171433 a composite number?
False
Is 142536967 a prime number?
True
Is 7637598803 composite?
False
Is 70865701 a composite number?
True
Is 49915278443 prime?
False
Is 37100469641 a composite number?
True
Is 28654664065 a composite number?
True
Is 125571321257 composite?
False
Is 38748748229 composite?
False
Is 374559061 a composite number?
False
Is 1220361985 prime?
False
Is 252448457 a composite number?
False
Is 46819687 composite?
False
Is 32239021163 a prime number?
False
Is 56562673954 composite?
True
Is 40150552